at is -71 + -79?
-13a
In base 4, what is 10110101 + 13?
10110120
In base 10, what is 19268 + 1?
19269
In base 4, what is -3331302022 + -1?
-3331302023
In base 11, what is -a41a9 - 6?
-a4204
In base 3, what is 2100202 + 11?
2100220
In base 4, what is 3231211 - -103?
3231320
In base 13, what is -2 + -bb880?
-bb882
In base 4, what is 2 - 300103?
-300101
In base 5, what is -24 + -2042010?
-2042034
In base 4, what is -120111 + 33213?
-20232
In base 15, what is -b + -1222?
-122d
In base 2, what is -1 - 100101100010001000?
-100101100010001001
In base 4, what is -10321 + 2203300?
2132313
In base 15, what is 3073 - -4?
3077
In base 8, what is 5 - -643575?
643602
In base 4, what is -10020 + 311030?
301010
In base 6, what is 14 + -1454?
-1440
In base 3, what is 2000210 + 1122?
2002102
In base 4, what is 30 - 132312110?
-132312020
In base 8, what is -3261 - -3140?
-121
In base 6, what is -5 + -2431230?
-2431235
In base 7, what is -22155231 - -1?
-22155230
In base 14, what is 31d9 + 2?
31db
In base 16, what is -932 - 3?
-935
In base 9, what is 1 - 5832?
-5831
In base 12, what is 1 - -122b45?
122b46
In base 8, what is -1222 + -20?
-1242
In base 6, what is 5233033 - 11?
5233022
In base 15, what is 23 - -113?
136
In base 4, what is -12223202 + 1020?
-12222122
In base 15, what is 5 - -53b5a?
53b60
In base 3, what is 1111221011 + 1222?
1112000010
In base 11, what is 23090 - 78?
23013
In base 2, what is 1101110 + 1111?
1111101
In base 5, what is -2 - -14143431?
14143424
In base 15, what is -5 - -2316e?
23169
In base 14, what is -8625c - -5?
-86257
In base 10, what is 4 + -4465?
-4461
In base 15, what is -132208 + 4?
-132204
In base 6, what is 0 - 102044?
-102044
In base 12, what is -241 - -1832?
15b1
In base 15, what is 3425 + -34?
33e1
In base 14, what is 3 + -51?
-4c
In base 13, what is -48333 + -1?
-48334
In base 6, what is 40055515 + 2?
40055521
In base 5, what is 2030 + 102413?
104443
In base 13, what is -67003c - -2?
-67003a
In base 6, what is -22034 + 114?
-21520
In base 11, what is 1066 - -4?
106a
In base 11, what is -7716a + 2?
-77168
In base 9, what is -54312 + -22?
-54334
In base 14, what is -31b - -24?
-2d7
In base 5, what is -3 - -221204?
221201
In base 11, what is -7 + 0?
-7
In base 9, what is -5 + 16522?
16516
In base 6, what is 23545 + 103?
24052
In base 15, what is -3 - -7c3a?
7c37
In base 11, what is -18 + -127206?
-127223
In base 14, what is -11404 + -3?
-11407
In base 3, what is 1022002 - -100?
1022102
In base 9, what is -1626 + -31?
-1657
In base 8, what is -760 - 42?
-1022
In base 15, what is -6d - 1d1?
-24e
In base 4, what is -113130 - -100300?
-12230
In base 12, what is 25 + -3034?
-300b
In base 12, what is -3 - -5625b?
56258
In base 6, what is 134 - 45312?
-45134
In base 5, what is -20023 + -10432?
-31010
In base 3, what is -1010022010112 - 12?
-1010022010201
In base 13, what is -2 - -28731?
2872c
In base 8, what is -330263 + 6?
-330255
In base 6, what is -505 + -4522?
-5431
In base 13, what is -9 - 21492?
-2149b
In base 10, what is -1232 - 232?
-1464
In base 3, what is -20210001 - 1210?
-20211211
In base 2, what is -1100101010 + 10100101?
-1010000101
In base 7, what is 6012612 + 1?
6012613
In base 11, what is 1a8 + -6412?
-6215
In base 2, what is -100 - 11101011100011111?
-11101011100100011
In base 7, what is -12520 + 120?
-12400
In base 13, what is -2 + -16c67?
-16c69
In base 2, what is -110 - -1011110101011111100?
1011110101011110110
In base 3, what is 211120120 - 100?
211120020
In base 14, what is -a17 - -44?
-9b3
In base 3, what is 102 + -110221110200?
-110221110021
In base 9, what is -45 + 450?
404
In base 7, what is -11 - -3125?
3114
In base 13, what is -cc32 - a?
-cc3c
In base 12, what is 1a3 + -831?
-64a
In base 15, what is -6da - -57?
-683
In base 11, what is -5 - -125914?
12590a
In base 13, what is 3 - 4c094?
-4c091
In base 6, what is -302 + -3011?
-3313
In base 11, what is -29 - -2609?
2590
In base 2, what is -101001010 - 11001110?
-1000011000
In base 10, what is -217 - 979?
-1196
In base 16, what is 1 - -e23?
e24
In base 12, what is -8b158 + -26?
-8b182
In base 15, what is 4 + -812?
-80d
In base 3, what is -1120222 + -12100?
-1210022
In base 5, what is 4 - -44403101?
44403110
In base 15, what is 3b61 - -14?
3b75
In base 12, what is 98aa52 + -1?
98aa51
In base 8, what is -502521 + 13?
-502506
In base 14, what is 6b3 + c?
6c1
In base 4, what is 1301 - 133?
1102
In base 8, what is -7740 - -16?
-7722
In base 2, what is -101001 - -1001100100?
1000111011
In base 12, what is -18b - 1973?
-1b42
In base 3, what is 201202 + -21220?
102212
In base 12, what is 203b + 14?
2053
In base 4, what is 101 - 210033122?
-210033021
In base 3, what is -2200111122 + -2?
-2200111201
In base 9, what is -6 - -803804?
803787
In base 3, what is -10 + 101022112?
101022102
In base 12, what is a16 - -18?
a32
In base 11, what is -602 + -132?
-734
In base 16, what is -20b27 + -1?
-20b28
In base 6, what is 311505 - 5?
311500
In base 9, what is 28 - 385650?
-385621
In base 5, what is 132403113 + -2?
132403111
In base 2, what is 1100110 + 11010?
10000000
In base 13, what is 93 - -103b?
1101
In base 10, what is 283 - -2315?
2598
In base 8, what is 506 - -2330?
3036
In base 13, what is 1 + -a5ab?
-a5aa
In base 12, what is 3 + 8320?
8323
In base 13, what is 4 + c42b?
c432
In base 12, what is -2 - -36?
34
In base 15, what is 3 + -ee88?
-ee85
In base 10, what is -409 + -3469?
-3878
In base 15, what is a2438 - -5?
a243d
In base 7, what is -623 - -104?
-516
In base 13, what is 5 + 418?
420
In base 9, what is -23208 + 4?
-23204
In base 16, what is 1fdf - 1a?
1fc5
In base 9, what is -1 - 48711?
-48712
In base 6, what is -411502 + 21?
-411441
In base 2, what is -1011010011101101111 + -100?
-1011010011101110011
In base 16, what is 3091b5 - -1?
3091b6
In base 9, what is -3 + 6357?
6354
In base 16, what is -2 - 2a33?
-2a35
In base 3, what is 11112201 - -21?
11112222
In base 11, what is 26081 + -60?
26021
In base 7, what is -242152 + 1?
-242151
In base 8, what is 170705 - 22?
170663
In base 8, what is -24667 + -65?
-24754
In base 15, what is -14 + -a09?
-a1d
In base 10, what is 45699 + -2?
45697
In base 4, what is -3 - -2131302?
2131233
In base 6, what is 5 - 452215?
-452210
In base 16, what is 460b - 2?
4609
In base 3, what is -110212 + -1100?
-112012
In base 16, what is -9 + 1b3?
1aa
In base 12, what is -5 - 182b?
-1834
In base 3, what is 2001120101 + -2?
2001120022
In base 2, what is 101 - -1111001100101?
1111001101010
In base 9, what is -1443425 + 1?
-1443424
In base 8, what is 1777 - -211?
2210
In base 9, what is -7063 - 457?
-7531
In base 8, what is -65 + -1166?
-1253
In base 15, what is 92a + 39?
964
In base 3, what is 12212 + 12120?
102102
In base 15, what is -65 + -dbc?
-e32
In base 13, what is 18ab - -66?
1944
In base 5, what is -304241304 + 10?
-304241244
In base 5, what is -1442301 - 1?
-1442302
In base 6, what is 104 - -25241?
25345
In base 4, what is 10 + 320110?
320120
In base 10, what is 5801 + -14?
5787
In base 14, what is 2 + -1c383?
-1c381
In base 5, what is -201244 + 2133?
-144111
In base 4, what is -13 - 101303302?
-101303321
In base 16, what is 4 - -1dc4?
1dc8
In base 2, what is 1110100111 - -100001110?
10010110101
In base 2, what is 1011 + 10001110101?
10010000000
In base 14, what is -843 - -6?
-83b
In base 14, what is 565b + 4d?
56aa
In base 7, what is -35 + -631?
-666
In base 13, what is -6735 + 2?
-6733
In base 16, what is -17 + -1228?
-123f
In base 11, what is 15486 + -30?
15456
In base 5, what is -114240 + 1312?
-112423
In base 2, what is 10 + -10110100000000011101?
-10110100000000011011
In base 8, what is 11 + 555453?
555464
In base 9, what is -58743 + -5?
-58748
In base 15, what is 5 - 1427?
-1422
In base 7, what is -10221410 - 3?
-10221413
In base 10, what is 401883 - -2?
401885
In base 11, what is -2 + -3172?
-3174
In base 15, what is -5 + dc3?
dbd
In base 6, what is -11412 + 1352?
-10020
In base 2, what is 100011110 - 1101011?
10110011
In base 16, what is -21db5 - 0?
-21db5
In base 2, what is 110000010101 + 10011?
110000101000
In base 9, what is -5 - -21727?
21722
In base 16, what is 4 - 53512?
-5350e
In base 6, what is 15 + 15533?
15552
In base 11, what is 13081 - 0?
13081
In base 13, what is -154c5 + -6?
-154cb
In base 7, what is 11650